**3 - 2*a**2 + 2*a + 3. What is the units digit of t(i)?
4
Let d be ((-205)/(-4))/((-2)/(-8)). Suppose d = -5*u + s, -4*s = 4*u - s + 164. Let m = 13 - u. What is the tens digit of m?
5
Suppose 0 = -7*a + 12*a - 10. Let v be a/6 + (-26)/(-39). What is the units digit of 2*(v - 18/(-2))?
0
What is the units digit of 8041 + (-9)/(-117)*13?
2
Let v(r) = -16*r**3 + r**2 - r + 3. Let k(y) = 2*y**2 + 23*y + 18. Let t be k(-11). Let b(s) = -2*s + 12. Let o be b(t). What is the units digit of v(o)?
7
Suppose 3*p - 17 = -b, -3*b - 2 = -b - 3*p. Suppose -b*t - 204 = -1379. What is the units digit of t/2 - 3/(-18)*3?
8
Suppose 11*j + 2502 = 9175 + 3711. What is the tens digit of j?
4
Suppose 708 + 244 = y. Suppose 5*n - 1403 = y. What is the units digit of n?
1
Let n be ((-10)/15)/(2/21). Let p(v) = 4*v**3 - 4 + 9*v**2 + 0*v**3 - 3*v**3. What is the tens digit of p(n)?
9
Let w(x) = x**3 - 15*x**2 - 5*x - 8. Let z be w(15). Let h = 40 - z. Suppose 2*u = -29 + h. What is the units digit of u?
7
Let p be (-5)/((-20)/8) + 0. Suppose 379 = p*l - 127. What is the units digit of l?
3
Let p(t) = t**2 - 4. Let z be p(3). Let n(a) = 25*a - 2 - 12 + 6*a - 7 + 17*a. What is the hundreds digit of n(z)?
2
Let o = -327 - -367. What is the hundreds digit of (18670/4 - 0)*16/o?
8
Suppose -3*s = -0*s - v + 4, -4*v = 3*s - 16. Suppose p - 10 + 6 = s. What is the tens digit of p + (16/4 - -64)?
7
Suppose 5*u = 2*g + 2680, -4*u + 3*g + 2144 = 7*g. Let a = u - 299. What is the units digit of a?
7
What is the thousands digit of (-8)/10*-1 - 27024/(-20)?
1
Let q(l) = -3*l**3 - 3*l - 2. Let j be q(-1). What is the hundreds digit of (-719 + -5 - 2)/(2 - j)?
3
Let b = 5076 - 742. What is the units digit of b?
4
Let a be (1*1/(-4))/((-7)/(-28)). Let n be a/6 - 225/(-54). Suppose 5*g + n*j = 421, -j - 114 = -2*g + 44. What is the tens digit of g?
8
Let z = 46 - 40. Suppose -z*u = -3*u - 5*p - 16, 6 = 5*u + 2*p. Suppose -81 - 7 = -u*j. What is the units digit of j?
4
Let o be (3 + -22235)/(-2) + -4. Suppose -13*g = -g - o. What is the units digit of g?
6
Suppose 0 = 25*t - 88*t + 410004. What is the thousands digit of t?
6
What is the units digit of (6642/(-72) - (-2)/8)*321/(-6)?
2
Let x = 19360 - -1413. What is the hundreds digit of x?
7
Suppose 13205 = 49*w - 44*w. Suppose w - 457 = 6*j. What is the units digit of j?
4
Let q = 7527 - 7323. What is the hundreds digit of q?
2
Let t(b) = -7*b**3 - 59*b**2 - 24*b + 53. What is the thousands digit of t(-13)?
5
Suppose 5*l + 20 = 0, 3*f + 5*l - 19156 = f. Suppose -b - 16*b = -f. What is the units digit of b?
4
Let k(c) be the third derivative of -5*c**2 + 83/24*c**4 + 3/2*c**3 + 0 + 0*c. What is the units digit of k(2)?
5
Suppose 13182 + 1628 = -10*v. Let q = -504 - v. What is the tens digit of q?
7
Let n(y) = 3*y - 1. Let m be n(12). Let z(q) = 18*q - 69. What is the tens digit of z(m)?
6
Let m(y) be the third derivative of -y**5/60 - 13*y**4/8 - 31*y**3/6 + 24*y**2 - 4. What is the hundreds digit of m(-17)?
3
Let c(k) = -11*k**3 - 11*k**2 - 9*k + 3. Suppose q - 6 + 10 = 0. What is the tens digit of c(q)?
6
Let x be (144/14)/((-70)/(-19355)). Suppose 21*h + x = 8934. What is the units digit of h?
0
Let x be (-1134)/315 - 4/10. What is the units digit of x/((0 - (0 + 0)) + -4)?
1
What is the tens digit of ((-131)/(-3))/((-55)/(-10890))?
4
Let q(k) be the second derivative of -569*k**5/20 - k**4/6 + k**2 + 4*k + 1. What is the hundreds digit of q(-1)?
5
Let d = 144 - 137. Suppose -d*t = -24*t + 833. Suppose -2*z - 3*o + 517 = 0, 5*z + 3*o = 1319 - t. What is the hundreds digit of z?
2
Let l(t) = t**2 - 22*t + 3507. What is the units digit of l(0)?
7
Suppose -o + n + 40416 = 0, 121253 = 3*o - 11*n + 7*n. What is the units digit of o?
1
Suppose 180*j - 177*j - 101931 = 0. What is the ten thousands digit of j?
3
Let c = 0 - -3. Suppose c*x + 5*v = -78, 4*x + 133 = 11*v - 8*v. Let p = 283 + x. What is the units digit of p?
2
Let d = 228 - 223. What is the units digit of 1/(2/730*d) - 2?
1
Let p be (-2026)/4 + (-7 + -3)/(-20). Let w = -274 - p. What is the units digit of w?
2
Let w(g) = 9*g**2 + 5*g + 1. Let q be w(-1). Suppose q*h - 699 = -4*l, 100 = -3*l + h + 629. What is the units digit of l?
6
Let h = -12632 + 22058. What is the thousands digit of h?
9
Let t = -2679 + 1898. Let f = 2172 + t. What is the hundreds digit of f?
3
Let c(q) be the first derivative of q**4/4 + 2*q**3 + 4*q + 15. Let x be c(-6). Suppose -162 = -2*u + 5*i, 0 = -u - x*i + 23 + 32. What is the units digit of u?
1
Let n(o) = 2 + 2*o + 23 - 3*o - 3*o. Suppose -4*b = -27*b - 345. What is the tens digit of n(b)?
8
Suppose -12*d - 3 = 69. What is the tens digit of ((-4275)/150)/(d/244)?
5
What is the units digit of 6859 + (-1 - -4) + (-35)/(-21)*3?
7
Suppose -r - 10*f = -6*f - 3479, -10427 = -3*r - 2*f. What is the hundreds digit of r?
4
Let w(k) = -28*k + 110. Let c be w(4). What is the tens digit of 274620/230*(1 - c/(-6))?
9
What is the tens digit of (105 + -2)*(124 - 29)?
8
Let x = -5958 + 9822. What is the tens digit of x?
6
Let v(l) = 4*l**2 + 9*l + 2. Let s be v(-8). What is the units digit of s/3*(7/2 + -3)?
1
What is the thousands digit of (-155393)/(-4) - 65*(-63)/(-3276)?
8
Suppose -34*p = -54793 - 28745. Suppose 24*c = -p + 39537. What is the tens digit of c?
4
Let p(v) = -v + 3. Let f be p(0). Suppose f*z = -0*z + 6. Suppose -4*m = 3*h - 189, -4*m + 130 = z*h - 0*m. What is the units digit of h?
9
Let v(c) = c**3 + 6*c**2 - 15*c + 9. What is the units digit of v(-7)?
5
Let g = 1474 + 7177. What is the units digit of g?
1
Let h be (-2 + 10)/(2 - 0). Suppose -1 = -h*o + 15. Suppose -q - 2*q - o*n = -222, -5*q - 5*n + 375 = 0. What is the units digit of q?
8
Suppose -51*o + 761405 = 35668 - 397895. What is the units digit of o?
2
Suppose -10*z + 7002 + 6698 = 0. Suppose -5*l - 2*o = -z, 3*l - 109 - 713 = -3*o. What is the tens digit of l?
7
Let h(n) = n**3 + 2*n**2 + 10*n + 1. Let a(o) = 5*o**2 - 22*o - 9. Let i be a(5). What is the tens digit of h(i)?
4
What is the units digit of (-15)/10*(-1987704)/108?
7
Suppose 0 = 17*x - 73*x - 255*x + 2487689. What is the thousands digit of x?
7
Suppose -144*w + 132 = -141*w. Let v = w - 38. What is the units digit of v?
6
Let u = 1041 - 261. Suppose 3*m = -5*r + 6*m + u, 0 = -r - 2*m + 169. What is the hundreds digit of r?
1
Let b be 1/(-4) - 97*9/(-36). What is the tens digit of (-1786)/(-4) - (-12)/b?
4
What is the hundreds digit of -8*(-22)/16 - -10392?
4
Let v be ((-12)/(-9) - 2)/((-2)/9). Suppose 0 = -v*o - 5*a + 2763, -11*a + 7*a = -3*o + 2736. What is the tens digit of o?
1
Let g = -224 - -225. Let k(u) = 409*u - 3. What is the hundreds digit of k(g)?
4
Let u(t) be the first derivative of t**3/3 - 5*t**2/2 - 9*t + 7. Let n be u(7). Suppose n*k = -5*d + 1120, -3*k - 3*d = -d - 676. What is the tens digit of k?
2
Let k = 563 + -558. Suppose -2 = g, k*q - g + 143 = 770. What is the tens digit of q?
2
Suppose -3*m - 4*x = -8*x - 20292, 0 = 2*x - 6. What is the thousands digit of m?
6
Suppose f - s + 14 = -31, 0 = 5*f + s + 201. Let p be -86*(3 + 20/(-8)). Let b = f - p. What is the units digit of b?
2
Let q(m) = m**2 + 24*m + 185. Let c be q(-14). Let z(x) = -x + 2. Let o be z(0). Suppose o*t + c = 3*t + 3*b, -96 = -2*t - 4*b. What is the tens digit of t?
5
Let p = -4229 - -1621. Let h = -1741 - p. What is the units digit of h?
7
Let m(h) = -1253*h + 6981. What is the tens digit of m(0)?
8
Suppose -14*o - 12852 = -0*o. Let n = -504 - o. What is the hundreds digit of n?
4
Let z(w) = 83*w - 2902. Let x be z(35). Let r(l) = l - 1. Let m be r(3). Suppose g - 66 - 443 = -2*s, -765 = -x*s - m*g. What is the tens digit of s?
5
Let i(l) = l + 16. Let r be i(-10). Let p(b) = -4*b + r*b - 1 - 8*b. What is the units digit of p(-10)?
9
Suppose -519*s = -603*s + 33180. What is the hundreds digit of s?
3
Suppose -4455 = -10*m - 45*m. Let p be 2/6 + (-5)/(-3). Let b = m + p. What is the tens digit of b?
8
Suppose -2*n - 12 = 3*k - 48, -3*k = -n + 36. Suppose -9 = -j - 4*i, 3*i - n = -4*j - i. Suppose 376 + 299 = j*u. What is the tens digit of u?
3
Let y be (-5)/((-5)/(-3)) + 28. Suppose -21*u = -y*u + 928. Suppose 0*x - 5*w + 204 = 2*x, 2*w + u = 2*x. What is the hundreds digit of x?
1
Let h(i) = -4*i - 77. Let d be h(-23). Su